 0, -8*m = -7*m + 1. Let n(u) = u**3 - 27*u**2 + 24*u + 40. Determine n(v).
-12
Let z(m) = m**3 + 7*m**2 + 7*m. Suppose 0 = 7*l + l - 520. Let o = -55 + l. Suppose 2*q + 3*q - 5*c + o = 0, 5*q + c + 28 = 0. Determine z(q).
15
Let f(m) = m**3 + 8*m - 13. Let g be (32/(-112))/((-4)/38) - 4/(-14). What is f(g)?
38
Let w(f) = -2*f - 3. Let s(q) = -q - 1. Let i(z) = 9*s(z) - 4*w(z). Let l(c) = -5*c - 9. Let v be l(-10). Let m = v + -41. What is i(m)?
3
Let u be (-6)/(-4)*6/(-9). Let p(d) be the third derivative of 11*d**4/8 - 17*d**2 + 9. Determine p(u).
-33
Let b(k) = k**2 - 2*k + 2. Let x be b(0). Let l(f) = -8*f + 9*f**2 - 23*f**2 - 5 + 14*f**x + f**2. What is l(6)?
-17
Let p(d) = -4*d - 2. Suppose 2*l + 242 = 3*f, -2*f + 5*f + 3*l - 252 = 0. Suppose -b - 2*z - 14 = 68, 4*z = -8. Let v = f + b. Calculate p(v).
-18
Let p(y) = y + 28. Let x(k) = 3*k + 83. Let c(z) = -11*p(z) + 4*x(z). Calculate c(-26).
-2
Let o(h) be the second derivative of h**4/12 - h. Suppose 88 = 2*k + 4*m, -3*m + 6*m = -4*k + 166. Suppose -38*s + k*s = -2. What is o(s)?
1
Suppose -b - 2 = -3. Suppose 5*d - 3*w - b = -18, -w = 1. Let v(x) = -6*x - 254. Let q(c) = 5*c + 170. Let f(o) = 3*q(o) + 2*v(o). What is f(d)?
-10
Let d(c) = 73*c**2 - 3*c + 1. Let o(w) = -w**2 + 116*w - 1994. Let n be o(21). Calculate d(n).
71
Let t(q) = -30*q. Let o(u) be the first derivative of 0*u + 15 - 3/2*u**2. Let b(c) = 21*o(c) - 2*t(c). Calculate b(1).
-3
Let p = -28 + 31. Let u(d) = p*d + 39 + 33 - 73. What is u(1)?
2
Let r = -15946 + 15950. Let a(s) = -2 - 3*s + 1 + 3. Determine a(r).
-10
Let u(i) = -3 + 9 - 5*i - 8 - 4. Calculate u(-9).
39
Let d(s) = 5*s**2 + 42*s - 7. Suppose -3*r + 21 = 0, 13*b - 12*b + r + 1 = 0. What is d(b)?
-23
Let r(b) = 3*b. Let z be 0*5/((-30)/(-3)). Suppose -4*s - 28 + 16 = z. Let i be r(s). Let d(o) = -o**2 - 9*o - 4. What is d(i)?
-4
Let o(c) = -c**3 + 8*c**2 + 7*c + 11. Let q(d) = 7*d - 115. Let b be q(13). Let m be b/(-4)*27/18. Calculate o(m).
-7
Let v(s) = 5*s**2 - 10*s - 129 + 126 + 3*s**2 - 9*s**2. Determine v(-5).
22
Let h(l) be the third derivative of 0*l - 2/3*l**3 - 1/8*l**4 - 155*l**2 + 0. Let m = -9 - -5. Calculate h(m).
8
Suppose 0*t + 11*t - 15*t - 88 = 0. Let d(o) = -3*o - 57. Give d(t).
9
Let d = -5 - -8. Suppose -17 = -q + 5*m, d*q = -q + 4*m - 12. Let w(t) be the third derivative of t**5/60 + 3*t**4/8 + 2*t**3/3 + 1201*t**2. Give w(q).
-4
Let m(v) be the first derivative of -15*v**2/2 - 58*v - 187. What is m(-9)?
77
Let w(f) = -2*f - 90. Let h(s) = 16*s + 1014. Let m(k) = h(k) + 12*w(k). Give m(-16).
62
Let r(b) = 9*b**2 - 8 - 3 + 3*b + 19*b**2 + b**3 + 20*b**2 - 62*b**2. Determine r(14).
31
Let b(s) = -s**3 - 16*s**2 + 2*s + 8. Let w be b(-16). Let f be 520*(w/32)/(6/(-4)). Let q(x) = x**2 + 258 - 2*x - f - x + x. Give q(2).
-2
Let l(j) be the second derivative of -j**4/24 - j**3/3 + 22*j**2 + 11*j + 1. Let o(b) be the first derivative of l(b). Let i = -12 + 7. Calculate o(i).
3
Let s(c) = -17*c**2 - 58*c - 14. Let m(u) = 2*u**2 + u - 2. Let y(v) = 5*m(v) + s(v). Give y(-7).
4
Let k(r) = -r**3 + 4*r**2 + 4*r + 4. Suppose -13*z - 2*z - 21*z = -216. Determine k(z).
-44
Let q = -6 + 12. Let n(h) be the second derivative of -37*h + 1/2*h**3 - 5/2*h**2 + 0. Determine n(q).
13
Suppose 0 = -16*p - 0*p + 400. Suppose p = -63*n + 68*n. Let t(j) be the second derivative of j**5/20 - j**4/3 - 4*j**3/3 + 5*j**2/2 - 10*j. What is t(n)?
-10
Let d(a) be the first derivative of a**2 - 5*a + 12. Suppose -p + 57 = 2*p. Suppose p = 3*h + 1. Give d(h).
7
Suppose -185*q - 762 = -182*q. Let a = q - -255. Let j(c) = -12*c - 1. Give j(a).
-13
Let h(x) = x + 2. Suppose -2*p + 7*p = 20. Suppose p*d - 166 = 2*a + 122, 2*d = 3*a + 152. Let j be (-4 + d/15)*-9. Determine h(j).
-4
Let u(i) be the first derivative of 6*i**2 - i + 20. Suppose -3*z = 4*s - 1, -s = -31*z + 27*z - 5. Give u(z).
-13
Let h = 45 + -48. Suppose -10*z = 24 - 64. Let y(r) = 134 - z*r - 277 + 141 - r**2. Calculate y(h).
1
Let x(b) = -13*b**2 - 7*b - 8. Let h be (4/20)/(5*6/(-150)). Calculate x(h).
-14
Let k(z) = -z**2 + z. Suppose -13 = -w - 3*y, 10*y = 2*w + 14*y - 22. Suppose 2*h + 14 = -2*l, -5 = 2*l - 2*h - w. Calculate k(l).
-12
Let w(z) be the second derivative of 3*z**3/2 - 56*z**2 - 372*z. What is w(12)?
-4
Let x(w) = 2*w**2 + 41*w - 60. Let h be x(-22). Let z(s) = -s**3 + 7*s**2 - 7*s + 17. Give z(h).
11
Suppose -3*m + l = -54, 3*l + 2*l = -m + 2. Suppose -5 = 3*k - 2*t - m, 17 = k - 5*t. Let a(s) = -s - 4*s + 6 + 6*s - s**2 - 7. Calculate a(k).
-3
Suppose -11*r + 12*r + 24 = 5*w, 0 = 2*w + 2*r. Let p be w - (-7)/(-28)*32. Let i(x) be the third derivative of -x**5/60 - x**4/12 + 2*x**3/3 - x**2. Give i(p).
-4
Let y be 24/(-8) + 26/2. Let c(w) = -y + 5 - 7 + 5*w - 7*w. Suppose 4 = 4*v + 36. Calculate c(v).
4
Let r be 1/((-55)/(-35) - (-20)/(-35)). Let i(h) = r + 0*h + 7*h + 0*h - 8*h. Determine i(11).
-10
Let z(h) = h**2. Let u(k) = k. Let o be u(2). Let i be (-10)/(-145) + 672/348. Suppose o*m = 2*m + i*m. Calculate z(m).
0
Let b(k) = -9*k + 3. Let p(z) = -3*z**2 + 17*z - 8. Let v(a) = 2*a**3 - 5*a**2 + 4*a + 1. Let r be v(2). Let u be p(r). Determine b(u).
-15
Suppose 24*f = 22*f + 12. Suppose -7*c + 2*t + 4 = -f*c, 4*c + 3*t = 5. Let h(j) = c*j - 5*j - 3*j. Give h(-1).
6
Let q be 7 + 4 + 18/(-2). Let t(i) = 34 - 28*i**q - 44 - i + 11. Determine t(1).
-28
Let g(n) be the first derivative of n**2/2 - 12*n - 3385. Calculate g(8).
-4
Let f be (-61)/9 - (-12 - (-3410)/279). Let n(x) = -5*x - 10. Give n(f).
25
Let x be -4*(-45)/(-36) + 7. Let y(a) = -18 + a**2 - 14*a - 2*a**x - 5*a**2 + 7*a**2. Give y(15).
-3
Let p(f) be the third derivative of -f**6/120 + f**5/20 - f**3/6 + f**2. Let s be (12/1)/((-5 + 3)*-1). Suppose i = s*i - 15. Determine p(i).
-1
Let t(h) = -5*h - 2. Suppose 0 = 116*v - 114*v + 236. Let u = 30 - v. Let r = u + -146. Determine t(r).
-12
Let y(r) = -r**3 + 6*r**2 - r + 58. Suppose -5*p = -2*a - 0*p + 54, 5*a = 5*p + 75. Give y(a).
2
Suppose -u - 4*w + 2 + 4 = 0, w = 4*u - 7. Suppose u*v + 0*y = -y + 5, 0 = -v + y + 1. Let g(x) = -4*x - 93 + 43 + v*x + 43. Calculate g(5).
-17
Suppose -6*a = -a. Suppose 0 = 5*g - 3*m - 1, a = 2*g - 3*m + 5*m + 6. Let u(n) = -18*n - 1. Let f(c) = 52*c + 3. Let l(h) = -3*f(h) - 8*u(h). Determine l(g).
11
Suppose -20*f + 11 = -169. Let m(v) = -16*v + 24. What is m(f)?
-120
Let p(l) = -2*l**2 + 6*l - 1. Let y(g) = g**3 - 2*g**2 + g + 4. Suppose -2*s = -4*s. Suppose -t = -s*t. Let c be y(t). Determine p(c).
-9
Let n(u) = -28*u - 1548 - 5*u**3 - 1551 + u**3 - 29*u**2 + 3038 + 5*u**3. What is n(30)?
-1
Let o(f) = -20*f**2 + 239*f - 40. Let r(h) = -5*h**2 + h + 1. Let n(w) = -o(w) + 3*r(w). Determine n(47).
-4
Let o = 240 - 129. Let l = o + -110. Let b(z) = -10*z**3 - 1. Calculate b(l).
-11
Suppose -3*u - 13 = 2. Let f(g) be the second derivative of 1/3*g**4 - 2 - 17*g - 1/3*g**3 + 3*g**2 + 1/20*g**5. Determine f(u).
-9
Let x = -53 + 51. Let m(t) be the third derivative of t**5/10 + t**4/24 - t**3/6 - t**2 + 72*t. What is m(x)?
21
Let c(z) = -z**3 - 5*z**2 + z + 10. Let g be c(-5). Suppose -2*q - 2*d - g = -3*q, -4*d = -4*q + 12. Let v(l) = -q + l - 1 + 3*l - 1. Give v(2).
5
Let h(w) = 3*w - 6. Let a be -2*1/2*(-4472)/344. Give h(a).
33
Suppose 0 = 9*r - 11*r - 4*r. Let p(f) = r*f + f - f**2 + 7*f**3 - 6*f**3. Calculate p(-2).
-14
Let v(k) = -13*k + 4. Let d(s) = 17*s - 27. Let q(f) = 11*f - 17. Let b(a) = 5*d(a) - 8*q(a). Let o(u) = 18*b(u) - 4*v(u). Determine o(-10).
22
Let c = -2 + 4. Suppose -3*j - 4*n - 13 = 0, -4*j - j - 3 = 2*n. Let u(s) = 1 + 1 + j + 0 - 5*s. What is u(c)?
-7
Let o(g) be the first derivative of -9*g - 5 - 1/2*g**2. Calculate o(-12).
3
Suppose -u + 18 = -o + 4, 0 = -5*o - 35. Let w(v) = -v**3 + 6*v**2 + 9*v - 8. What is w(u)?
6
Let v be 117/65*(-15)/(-9). Let i(b) = -6*b**2 + 8*b + v + 11*b - 2 + b**3 - 13*b. Give i(5).
6
Let g = -3717 + 3720. Let x(u) = -28*u + 8. Give x(g).
-76
Let p(v) = v - 4. Let m be p(7). Let r(l) = -m + l + l**2 - 2 - 2*l. Suppose 5*j = 3*s + 24, 3*j + 10*s = 5*s - 40. Determine r(j).
-5
Suppose 8*u = 59 - 323. Let x be 2/(-6) - (-22)/u - -3. Let g(s) = -232 + s**2 + 229 + s + x*s. Determine g(-4).
1
Suppose 5*g = 3*n - 32 + 111, 0 = -2*g + 3*n + 37. Suppose -o = -2*q + g, q + 4*q = -3*o + 13. Let w(j) 